{"id":188,"date":"2020-08-18T16:26:05","date_gmt":"2020-08-18T16:26:05","guid":{"rendered":"http:\/\/birewegge.com\/?page_id=188"},"modified":"2022-01-31T12:50:17","modified_gmt":"2022-01-31T12:50:17","slug":"2014-2","status":"publish","type":"page","link":"https:\/\/birewegge.com\/?page_id=188","title":{"rendered":"2014"},"content":{"rendered":"\n<figure class=\"wp-block-gallery has-nested-images columns-default is-cropped wp-block-gallery-1 is-layout-flex wp-block-gallery-is-layout-flex\">\n<figure class=\"wp-block-image size-large\"><img loading=\"lazy\" decoding=\"async\" width=\"961\" height=\"641\" data-id=\"193\" src=\"https:\/\/birewegge.com\/wp-content\/uploads\/2020\/08\/20_17136b0-1.jpg\" alt=\"\" class=\"wp-image-193\" srcset=\"https:\/\/birewegge.com\/wp-content\/uploads\/2020\/08\/20_17136b0-1.jpg 961w, https:\/\/birewegge.com\/wp-content\/uploads\/2020\/08\/20_17136b0-1-300x200.jpg 300w, https:\/\/birewegge.com\/wp-content\/uploads\/2020\/08\/20_17136b0-1-768x512.jpg 768w\" sizes=\"auto, (max-width: 961px) 100vw, 961px\" \/><\/figure>\n\n\n\n<figure class=\"wp-block-image size-large\"><img loading=\"lazy\" decoding=\"async\" width=\"1024\" height=\"768\" data-id=\"195\" src=\"https:\/\/birewegge.com\/wp-content\/uploads\/2020\/08\/20_dscf0976-1-1024x768.jpg\" alt=\"\" class=\"wp-image-195\" srcset=\"https:\/\/birewegge.com\/wp-content\/uploads\/2020\/08\/20_dscf0976-1-1024x768.jpg 1024w, https:\/\/birewegge.com\/wp-content\/uploads\/2020\/08\/20_dscf0976-1-300x225.jpg 300w, https:\/\/birewegge.com\/wp-content\/uploads\/2020\/08\/20_dscf0976-1-768x576.jpg 768w, https:\/\/birewegge.com\/wp-content\/uploads\/2020\/08\/20_dscf0976-1-1536x1152.jpg 1536w, https:\/\/birewegge.com\/wp-content\/uploads\/2020\/08\/20_dscf0976-1-2048x1536.jpg 2048w, https:\/\/birewegge.com\/wp-content\/uploads\/2020\/08\/20_dscf0976-1-1600x1200.jpg 1600w\" sizes=\"auto, (max-width: 1024px) 100vw, 1024px\" \/><\/figure>\n\n\n\n<figure class=\"wp-block-image size-large\"><img loading=\"lazy\" decoding=\"async\" width=\"1024\" height=\"768\" data-id=\"197\" src=\"https:\/\/birewegge.com\/wp-content\/uploads\/2020\/08\/20_foto-1-1-1024x768.jpg\" alt=\"\" class=\"wp-image-197\" srcset=\"https:\/\/birewegge.com\/wp-content\/uploads\/2020\/08\/20_foto-1-1-1024x768.jpg 1024w, https:\/\/birewegge.com\/wp-content\/uploads\/2020\/08\/20_foto-1-1-300x225.jpg 300w, https:\/\/birewegge.com\/wp-content\/uploads\/2020\/08\/20_foto-1-1-768x576.jpg 768w, https:\/\/birewegge.com\/wp-content\/uploads\/2020\/08\/20_foto-1-1-1536x1152.jpg 1536w, https:\/\/birewegge.com\/wp-content\/uploads\/2020\/08\/20_foto-1-1-1600x1200.jpg 1600w, https:\/\/birewegge.com\/wp-content\/uploads\/2020\/08\/20_foto-1-1.jpg 2048w\" sizes=\"auto, (max-width: 1024px) 100vw, 1024px\" \/><\/figure>\n\n\n\n<figure class=\"wp-block-image size-large\"><img loading=\"lazy\" decoding=\"async\" width=\"1024\" height=\"768\" data-id=\"199\" src=\"https:\/\/birewegge.com\/wp-content\/uploads\/2020\/08\/20_foto-2-1-1024x768.jpg\" alt=\"\" class=\"wp-image-199\" srcset=\"https:\/\/birewegge.com\/wp-content\/uploads\/2020\/08\/20_foto-2-1-1024x768.jpg 1024w, https:\/\/birewegge.com\/wp-content\/uploads\/2020\/08\/20_foto-2-1-300x225.jpg 300w, https:\/\/birewegge.com\/wp-content\/uploads\/2020\/08\/20_foto-2-1-768x576.jpg 768w, https:\/\/birewegge.com\/wp-content\/uploads\/2020\/08\/20_foto-2-1-1536x1152.jpg 1536w, https:\/\/birewegge.com\/wp-content\/uploads\/2020\/08\/20_foto-2-1-1600x1200.jpg 1600w, https:\/\/birewegge.com\/wp-content\/uploads\/2020\/08\/20_foto-2-1.jpg 2048w\" sizes=\"auto, (max-width: 1024px) 100vw, 1024px\" \/><\/figure>\n\n\n\n<figure class=\"wp-block-image size-large\"><img loading=\"lazy\" decoding=\"async\" width=\"1024\" height=\"768\" data-id=\"201\" src=\"https:\/\/birewegge.com\/wp-content\/uploads\/2020\/08\/20_foto-3-1-1024x768.jpg\" alt=\"\" class=\"wp-image-201\" srcset=\"https:\/\/birewegge.com\/wp-content\/uploads\/2020\/08\/20_foto-3-1-1024x768.jpg 1024w, https:\/\/birewegge.com\/wp-content\/uploads\/2020\/08\/20_foto-3-1-300x225.jpg 300w, https:\/\/birewegge.com\/wp-content\/uploads\/2020\/08\/20_foto-3-1-768x576.jpg 768w, https:\/\/birewegge.com\/wp-content\/uploads\/2020\/08\/20_foto-3-1-1536x1152.jpg 1536w, https:\/\/birewegge.com\/wp-content\/uploads\/2020\/08\/20_foto-3-1-1600x1200.jpg 1600w, https:\/\/birewegge.com\/wp-content\/uploads\/2020\/08\/20_foto-3-1.jpg 2048w\" sizes=\"auto, (max-width: 1024px) 100vw, 1024px\" \/><\/figure>\n\n\n\n<figure class=\"wp-block-image size-large\"><img loading=\"lazy\" decoding=\"async\" width=\"1024\" height=\"768\" data-id=\"202\" src=\"https:\/\/birewegge.com\/wp-content\/uploads\/2020\/08\/20_img7102-1-1024x768.jpg\" alt=\"\" class=\"wp-image-202\" srcset=\"https:\/\/birewegge.com\/wp-content\/uploads\/2020\/08\/20_img7102-1-1024x768.jpg 1024w, https:\/\/birewegge.com\/wp-content\/uploads\/2020\/08\/20_img7102-1-300x225.jpg 300w, https:\/\/birewegge.com\/wp-content\/uploads\/2020\/08\/20_img7102-1-768x576.jpg 768w, https:\/\/birewegge.com\/wp-content\/uploads\/2020\/08\/20_img7102-1-1536x1152.jpg 1536w, https:\/\/birewegge.com\/wp-content\/uploads\/2020\/08\/20_img7102-1-2048x1536.jpg 2048w, https:\/\/birewegge.com\/wp-content\/uploads\/2020\/08\/20_img7102-1-1600x1200.jpg 1600w\" sizes=\"auto, (max-width: 1024px) 100vw, 1024px\" \/><\/figure>\n\n\n\n<figure class=\"wp-block-image size-large\"><img loading=\"lazy\" decoding=\"async\" width=\"768\" height=\"1024\" data-id=\"203\" src=\"https:\/\/birewegge.com\/wp-content\/uploads\/2020\/08\/20_img7103-1-768x1024.jpg\" alt=\"\" class=\"wp-image-203\" srcset=\"https:\/\/birewegge.com\/wp-content\/uploads\/2020\/08\/20_img7103-1-768x1024.jpg 768w, https:\/\/birewegge.com\/wp-content\/uploads\/2020\/08\/20_img7103-1-225x300.jpg 225w, https:\/\/birewegge.com\/wp-content\/uploads\/2020\/08\/20_img7103-1-1152x1536.jpg 1152w, https:\/\/birewegge.com\/wp-content\/uploads\/2020\/08\/20_img7103-1-1536x2048.jpg 1536w, https:\/\/birewegge.com\/wp-content\/uploads\/2020\/08\/20_img7103-1-1600x2133.jpg 1600w, https:\/\/birewegge.com\/wp-content\/uploads\/2020\/08\/20_img7103-1-scaled.jpg 1920w\" sizes=\"auto, (max-width: 768px) 100vw, 768px\" \/><\/figure>\n\n\n\n<figure class=\"wp-block-image size-large\"><img loading=\"lazy\" decoding=\"async\" width=\"767\" height=\"553\" data-id=\"204\" src=\"https:\/\/birewegge.com\/wp-content\/uploads\/2020\/08\/20_wf2014-1.jpg\" alt=\"\" class=\"wp-image-204\" srcset=\"https:\/\/birewegge.com\/wp-content\/uploads\/2020\/08\/20_wf2014-1.jpg 767w, https:\/\/birewegge.com\/wp-content\/uploads\/2020\/08\/20_wf2014-1-300x216.jpg 300w\" sizes=\"auto, (max-width: 767px) 100vw, 767px\" \/><\/figure>\n<\/figure>\n\n\n\n<p>MAGNUM MYSTERIUM HELVETICUM<br>Mir wisse nyt. Mir saage nyt. Mir verroote nyt.<\/p>\n\n\n\n<p>Es goot e Gschp\u00e4ngscht um in Europa, heert me saage,<br>Und unsrer Haimet goots vilicht scho bald an Graage.<br>Die ganzi W\u00e4lt het ebbis geegen unsri Bangge<br>Mit iirem Ghaimnis, wo mir doch so vyyl verdangge.<\/p>\n\n\n\n<p>Sogar der Firscht vo Liechtestai<br>Loot ys mit d\u00e4m Probleem elai.<\/p>\n\n\n\n<p>Bangg1 m. (B\u00e4ngg) 1. Sitzbank 2. Handwerkertisch,&nbsp;<br>Hobel\u2013 3. Fleischbank. Banggmaischter m. Chefmetzger.&nbsp;<br>4. Schnitzelbank. Dim. B\u00e4nggli s. 1. Ruhebank, B\u00e4nggli&nbsp;<br>vor em Hyysli, Bank vor dem Haus. 2. sicheres Feld beim \u2192Eile-mit-Weile. Schuel\u2013 unvergesslich der S. mit ein-<br>gebautem \u2192Dintef\u00e4ssli. Kirche\u2013 sprichw\u00f6rtlich hart, f\u00fchrt&nbsp;<br>aber direkt zur \u2192S\u00e4\u00e4ligkait.&nbsp;<br>Hindel\u2013 Wenn de eso wytermachsch, kunsch uf H.<\/p>\n\n\n\n<p>Bangg2 w. Bank (Bangge) (Geldinstitut) Ort zur Geldaufbe-wahrung im Gegensatz zu \u2192Spaarstrumpf, Spaarsau,&nbsp;<br>Matratze, G\u00e4ldspyycher (Dagobert D.) gab es dort fr\u00fcher&nbsp;<br>Zinsen \u2192Banggbiechli. Heute sind Banken kostenpflichtig \u2192Batzeglemmer, Bschysskaibe, Halungge; allf\u00e4llige Ge-winne der Sparer bekommen die \u2192B\u00e4nggler als \u2192Boni.<br>Banggverain m. [jubie\u00df] in Basel domizilierte, global&nbsp;<br>t\u00e4tige \u2192Raiberbandi<br>Banggeblatz \u2020 Haltestelle. Banggnoote Banknote \u2192Neetli, Z\u00e4\u00e4ner\u2013, Pfund, Fuffzger, Lappe, Riis.<br>Bangg-Ghaimnis s. Gegenstand heftiger Diskussionen und politischer R\u00e4nke. Die Schweizer betrachten das B. als Grundfeste ihrer Nation. Die Regierungen anderer L\u00e4nder, auch solche, welche selber \u2192Dr\u00e4gg am St\u00e4gge haben,&nbsp;<br>w\u00fcnschen das Schweizer B. ins \u2192Pf\u00e4fferland. Offenbar ist das B. sogar Thema des vorliegenden \u2192Zeedels der \u2192Birewegge, welche sich an der \u2192Fasnacht 2014 als Zug von verschwiegenen Druiden um die Erhaltung der Geheimhaltung bem\u00fchen.<br>Em Bebbi sy Bangg. Die Basler \u2192Kantonalbangg galt im Bezug auf \u2192Schwarzg\u00e4ld lange als muschtergiltig, bis uuskoo isch, dass auch bei ihr die eine oder andere&nbsp;<br>Lyych im K\u00e4ller liegt.<\/p>\n\n\n\n<p>G\u00e4ld und Ghaimnis lige, wie mir gseen,<br>Jedem r\u00e4chte Schwyzer in de Gen:<\/p>\n\n\n\n<p>Am erschten Augschte haige schynt s drey Aidgenosse<br>Bi Bier und Brootwurscht fyyrlig e Vertraag abgschlosse:<br>Me well sich gege d Yyflussnaam vo fremde Heere<br>In Zuekumft z\u00e4mmen und mit alle Mittel weere.<\/p>\n\n\n\n<p><br>Mit Heue, Gaissem\u00e4lche und mit G\u00e4mslischiesse<br>Ka m\u00e4nge B\u00e4rgler s L\u00e4be nit so richtig gniesse.<br>Drum mag der Aidgnoss in sym Eel\u00e4nd kuum erwarte,<br>Ass s wider L\u00e4mbbe git, und \u00e4r holt d Hellebarde.<\/p>\n\n\n\n<p>Der Herzog Karl der Kiehn, d\u00e4 rabiaat Burgunder<br>Verliert bi Grandson iber Nacht sy ganze Plunder.<br>Er segglet ab, was gisch was hesch, mit syyne Ryter.<br>Vollkomme stier zien si bis gege Murte wyter.<\/p>\n\n\n\n<p>Uffsmool kennt s Blatt vom arme Schwyzer Maa sich w\u00e4nde.<br>Doch wisse mir, wie Gyt und Fueternyyd mien \u00e4nde:<br>E jede nimmt, so vyyl er grad ka z\u00e4mmegratze,<br>Versteggts dehaim im Ghaime under der Matratze.<\/p>\n\n\n\n<p>O userwelte Eidgnosschaft<br>Hast so vyyl Bulver z\u00e4mmegrafft.<\/p>\n\n\n\n<p>Der Calvin z G\u00e4mf und au der Zwingli z Ziiri wisse,<br>Wo yyfrig gsch\u00e4ftlet wird, wird halt e bitzli bschisse.<br>Doch ka am jingschte Daag e Gsch\u00e4ftsmaa sone ryyche<br>Sy Flyss bewyyse, duet men em gwiss au verzyyche.<\/p>\n\n\n\n<p>Mer w\u00e4nn jetz doo die ganzi Gschicht nit z\u00e4mmefasse.<br>Si wurd nid uf das Blatt und uf kai Kuehut basse.<br>Doch d Quintess\u00e4nz dervoo, die w\u00e4mmer nit verschwyyge:<br>Dass d Schwyzer halt e Volk vo Ghaimnisgr\u00e4\u00e4mer syyge.<\/p>\n\n\n\n<p>Drey Monet ryfft im diefe K\u00e4ller<br>Guet versteggt der Appez\u00e4ller.<br>S Rez\u00e4pt, wie me d\u00e4 Stingger macht,<br>Wird als Ghaimnis str\u00e4ng bewacht.<\/p>\n\n\n\n<p>Mir wisse nyt, do kenne mer nit vyl riskiere.<br>Mir saage nyt; es git jo gar nyt z deklariere!<br>Diskretion, so haisst der Schlissel zem Profyt.<br>Uf uns kasch di verloo, denn mir verroote nyt.<\/p>\n\n\n\n<p>Ai V\u00e4rs no zletschtam\u00e4nd in aigener Sach,\u2028<br>Denn isch d\u00e4 Zeedel under Dach und Fach:<br>Wo unsri Drummler sich verstegge,<br>Das blybt e Ghaimnis, d Birewegge.<\/p>\n\n\n\n<p>\u200fUf em Minschterplatz do kasch vom M\u00e4ntigzoobe&nbsp;<br>\u200fBis am Mittwuchmorge frieh d Lad\u00e4rne loobe.<br>\u200fUnd wenn den au emool e Lambbe wotsch verrysse,<br>\u200fKasch dern\u00e4\u00e4be au no in e Glepfer bysse.<\/p>\n","protected":false},"excerpt":{"rendered":"<p>MAGNUM MYSTERIUM HELVETICUMMir wisse nyt. Mir saage nyt. Mir verroote nyt. Es goot e Gschp\u00e4ngscht um in Europa, heert me&hellip;<\/p>\n","protected":false},"author":1,"featured_media":0,"parent":0,"menu_order":0,"comment_status":"closed","ping_status":"closed","template":"","meta":{"footnotes":""},"class_list":["post-188","page","type-page","status-publish","hentry"],"jetpack_sharing_enabled":true,"_links":{"self":[{"href":"https:\/\/birewegge.com\/index.php?rest_route=\/wp\/v2\/pages\/188","targetHints":{"allow":["GET"]}}],"collection":[{"href":"https:\/\/birewegge.com\/index.php?rest_route=\/wp\/v2\/pages"}],"about":[{"href":"https:\/\/birewegge.com\/index.php?rest_route=\/wp\/v2\/types\/page"}],"author":[{"embeddable":true,"href":"https:\/\/birewegge.com\/index.php?rest_route=\/wp\/v2\/users\/1"}],"replies":[{"embeddable":true,"href":"https:\/\/birewegge.com\/index.php?rest_route=%2Fwp%2Fv2%2Fcomments&post=188"}],"version-history":[{"count":2,"href":"https:\/\/birewegge.com\/index.php?rest_route=\/wp\/v2\/pages\/188\/revisions"}],"predecessor-version":[{"id":517,"href":"https:\/\/birewegge.com\/index.php?rest_route=\/wp\/v2\/pages\/188\/revisions\/517"}],"wp:attachment":[{"href":"https:\/\/birewegge.com\/index.php?rest_route=%2Fwp%2Fv2%2Fmedia&parent=188"}],"curies":[{"name":"wp","href":"https:\/\/api.w.org\/{rel}","templated":true}]}}