{"id":2,"date":"2020-03-02T11:03:19","date_gmt":"2020-03-02T11:03:19","guid":{"rendered":"http:\/\/birewegge.com\/?page_id=2"},"modified":"2022-03-14T18:49:34","modified_gmt":"2022-03-14T18:49:34","slug":"sample-page","status":"publish","type":"page","link":"https:\/\/birewegge.com\/?page_id=2","title":{"rendered":"2020"},"content":{"rendered":"\n<figure class=\"wp-block-image size-large\"><img loading=\"lazy\" decoding=\"async\" width=\"1024\" height=\"768\" src=\"https:\/\/birewegge.com\/wp-content\/uploads\/2020\/03\/IMG_1146-1024x768.jpg\" alt=\"\" class=\"wp-image-51\" srcset=\"https:\/\/birewegge.com\/wp-content\/uploads\/2020\/03\/IMG_1146-1024x768.jpg 1024w, https:\/\/birewegge.com\/wp-content\/uploads\/2020\/03\/IMG_1146-300x225.jpg 300w, https:\/\/birewegge.com\/wp-content\/uploads\/2020\/03\/IMG_1146-768x576.jpg 768w, https:\/\/birewegge.com\/wp-content\/uploads\/2020\/03\/IMG_1146-1536x1152.jpg 1536w, https:\/\/birewegge.com\/wp-content\/uploads\/2020\/03\/IMG_1146-1600x1200.jpg 1600w, https:\/\/birewegge.com\/wp-content\/uploads\/2020\/03\/IMG_1146.jpg 2016w\" sizes=\"auto, (max-width: 1024px) 100vw, 1024px\" \/><\/figure>\n\n\n\n<figure class=\"wp-block-image size-large\"><img loading=\"lazy\" decoding=\"async\" width=\"1024\" height=\"768\" src=\"https:\/\/birewegge.com\/wp-content\/uploads\/2020\/03\/IMG_1143-1024x768.jpg\" alt=\"\" class=\"wp-image-53\" srcset=\"https:\/\/birewegge.com\/wp-content\/uploads\/2020\/03\/IMG_1143-1024x768.jpg 1024w, https:\/\/birewegge.com\/wp-content\/uploads\/2020\/03\/IMG_1143-300x225.jpg 300w, https:\/\/birewegge.com\/wp-content\/uploads\/2020\/03\/IMG_1143-768x576.jpg 768w, https:\/\/birewegge.com\/wp-content\/uploads\/2020\/03\/IMG_1143-1536x1152.jpg 1536w, https:\/\/birewegge.com\/wp-content\/uploads\/2020\/03\/IMG_1143-1600x1200.jpg 1600w, https:\/\/birewegge.com\/wp-content\/uploads\/2020\/03\/IMG_1143.jpg 2016w\" sizes=\"auto, (max-width: 1024px) 100vw, 1024px\" \/><\/figure>\n\n\n\n<div class=\"wp-block-group\"><div class=\"wp-block-group__inner-container is-layout-flow wp-block-group-is-layout-flow\">\n<figure class=\"wp-block-image\"><img loading=\"lazy\" decoding=\"async\" width=\"768\" height=\"1024\" src=\"https:\/\/birewegge.com\/wp-content\/uploads\/2020\/03\/IMG_9295-768x1024.jpg\" alt=\"\" class=\"wp-image-20\" srcset=\"https:\/\/birewegge.com\/wp-content\/uploads\/2020\/03\/IMG_9295-768x1024.jpg 768w, https:\/\/birewegge.com\/wp-content\/uploads\/2020\/03\/IMG_9295-225x300.jpg 225w, https:\/\/birewegge.com\/wp-content\/uploads\/2020\/03\/IMG_9295-1152x1536.jpg 1152w, https:\/\/birewegge.com\/wp-content\/uploads\/2020\/03\/IMG_9295-rotated.jpg 1224w\" sizes=\"auto, (max-width: 768px) 100vw, 768px\" \/><\/figure>\n\n\n\n<figure class=\"wp-block-image size-large\"><img loading=\"lazy\" decoding=\"async\" width=\"1024\" height=\"768\" src=\"https:\/\/birewegge.com\/wp-content\/uploads\/2020\/03\/IMG_3314-1-1024x768.jpg\" alt=\"\" class=\"wp-image-56\" srcset=\"https:\/\/birewegge.com\/wp-content\/uploads\/2020\/03\/IMG_3314-1-1024x768.jpg 1024w, https:\/\/birewegge.com\/wp-content\/uploads\/2020\/03\/IMG_3314-1-300x225.jpg 300w, https:\/\/birewegge.com\/wp-content\/uploads\/2020\/03\/IMG_3314-1-768x576.jpg 768w, https:\/\/birewegge.com\/wp-content\/uploads\/2020\/03\/IMG_3314-1-1536x1152.jpg 1536w, https:\/\/birewegge.com\/wp-content\/uploads\/2020\/03\/IMG_3314-1-1600x1200.jpg 1600w, https:\/\/birewegge.com\/wp-content\/uploads\/2020\/03\/IMG_3314-1.jpg 2048w\" sizes=\"auto, (max-width: 1024px) 100vw, 1024px\" \/><\/figure>\n\n\n\n<figure class=\"wp-block-image size-large\"><img loading=\"lazy\" decoding=\"async\" width=\"1024\" height=\"768\" src=\"https:\/\/birewegge.com\/wp-content\/uploads\/2020\/03\/IMG_1134-1024x768.jpg\" alt=\"\" class=\"wp-image-54\" srcset=\"https:\/\/birewegge.com\/wp-content\/uploads\/2020\/03\/IMG_1134-1024x768.jpg 1024w, https:\/\/birewegge.com\/wp-content\/uploads\/2020\/03\/IMG_1134-300x225.jpg 300w, https:\/\/birewegge.com\/wp-content\/uploads\/2020\/03\/IMG_1134-768x576.jpg 768w, https:\/\/birewegge.com\/wp-content\/uploads\/2020\/03\/IMG_1134-1536x1152.jpg 1536w, https:\/\/birewegge.com\/wp-content\/uploads\/2020\/03\/IMG_1134-1600x1200.jpg 1600w, https:\/\/birewegge.com\/wp-content\/uploads\/2020\/03\/IMG_1134.jpg 2016w\" sizes=\"auto, (max-width: 1024px) 100vw, 1024px\" \/><\/figure>\n\n\n\n<figure class=\"wp-block-image\"><img loading=\"lazy\" decoding=\"async\" width=\"768\" height=\"1024\" src=\"https:\/\/birewegge.com\/wp-content\/uploads\/2020\/03\/IMG_20200301_191737-1-768x1024.jpg\" alt=\"\" class=\"wp-image-22\" srcset=\"https:\/\/birewegge.com\/wp-content\/uploads\/2020\/03\/IMG_20200301_191737-1-768x1024.jpg 768w, https:\/\/birewegge.com\/wp-content\/uploads\/2020\/03\/IMG_20200301_191737-1-225x300.jpg 225w, https:\/\/birewegge.com\/wp-content\/uploads\/2020\/03\/IMG_20200301_191737-1-1152x1536.jpg 1152w, https:\/\/birewegge.com\/wp-content\/uploads\/2020\/03\/IMG_20200301_191737-1-1536x2048.jpg 1536w, https:\/\/birewegge.com\/wp-content\/uploads\/2020\/03\/IMG_20200301_191737-1-1600x2133.jpg 1600w, https:\/\/birewegge.com\/wp-content\/uploads\/2020\/03\/IMG_20200301_191737-1-scaled.jpg 1920w\" sizes=\"auto, (max-width: 768px) 100vw, 768px\" \/><\/figure>\n\n\n\n<figure class=\"wp-block-image\"><img loading=\"lazy\" decoding=\"async\" width=\"768\" height=\"1024\" src=\"https:\/\/birewegge.com\/wp-content\/uploads\/2020\/03\/IMG_20200301_191753-1-768x1024.jpg\" alt=\"\" class=\"wp-image-23\" srcset=\"https:\/\/birewegge.com\/wp-content\/uploads\/2020\/03\/IMG_20200301_191753-1-768x1024.jpg 768w, https:\/\/birewegge.com\/wp-content\/uploads\/2020\/03\/IMG_20200301_191753-1-225x300.jpg 225w, https:\/\/birewegge.com\/wp-content\/uploads\/2020\/03\/IMG_20200301_191753-1-1152x1536.jpg 1152w, https:\/\/birewegge.com\/wp-content\/uploads\/2020\/03\/IMG_20200301_191753-1-1536x2048.jpg 1536w, https:\/\/birewegge.com\/wp-content\/uploads\/2020\/03\/IMG_20200301_191753-1-1600x2133.jpg 1600w, https:\/\/birewegge.com\/wp-content\/uploads\/2020\/03\/IMG_20200301_191753-1-scaled.jpg 1920w\" sizes=\"auto, (max-width: 768px) 100vw, 768px\" \/><\/figure>\n\n\n\n<figure class=\"wp-block-image\"><img loading=\"lazy\" decoding=\"async\" width=\"768\" height=\"1024\" src=\"https:\/\/birewegge.com\/wp-content\/uploads\/2020\/03\/IMG_20200301_191807-1-768x1024.jpg\" alt=\"\" class=\"wp-image-24\" srcset=\"https:\/\/birewegge.com\/wp-content\/uploads\/2020\/03\/IMG_20200301_191807-1-768x1024.jpg 768w, https:\/\/birewegge.com\/wp-content\/uploads\/2020\/03\/IMG_20200301_191807-1-225x300.jpg 225w, https:\/\/birewegge.com\/wp-content\/uploads\/2020\/03\/IMG_20200301_191807-1-1152x1536.jpg 1152w, https:\/\/birewegge.com\/wp-content\/uploads\/2020\/03\/IMG_20200301_191807-1-1536x2048.jpg 1536w, https:\/\/birewegge.com\/wp-content\/uploads\/2020\/03\/IMG_20200301_191807-1-1600x2133.jpg 1600w, https:\/\/birewegge.com\/wp-content\/uploads\/2020\/03\/IMG_20200301_191807-1-scaled.jpg 1920w\" sizes=\"auto, (max-width: 768px) 100vw, 768px\" \/><\/figure>\n<\/div><\/div>\n\n\n\n<p class=\"has-large-font-size\"><strong>D Elsbeete \u2013<br> zem Eerschte, zem Zwaite, zem Dritte<\/strong><\/p>\n\n\n\n<p>Der Christoph Meeriaa sait zue der Margarete:<br> \u201eI mach mer schw\u00e4\u00e4ri Soorge, Grittli, um d Elsbeete<br> Si breggelet scho wider, s hoggt mer in de Gnoche,<br> Grad geschter isch am Gloggeduurm e Stigg abbroche.<br> My ganzes L\u00e4\u00e4be lang bin i e fromme Grischt gsi,<br> Als Gsch\u00e4ftsmaa bin i aber au e Realischt gsi.<br> Drum glaub i, dass mer is vom Gotteshuus mien drenne,<br> Wenn d Basler Kirche d Hypothek nimm zaale kenne.<br> Mir h\u00e4n is d\u00e4nggt, wo mer no gl\u00e4bt h\u00e4n uff der \u00c4rde,<br> D Elsbeete sotti unser Mausoleum w\u00e4rde,<br> I glaub, mer kennte der Verluscht ganz guet verlyyde,<br> Uff unsre Greeber steen jo schliesslig Pyramide.\u201c<\/p>\n\n\n\n<p class=\"has-text-align-left\">E Gricht goot um in unsre Gasse:<br>\nD Elsbeetekirche, saage d Lyt,<br>\nWell nimme so ins Stadtbild basse<br>\nUnd au nid r\u00e4cht in unsri Zyt.<br>\nWil d Keschte us em Rueder laufe<br>\nHaig s Inveschtiere weenig Sinn<br>\nDrum well me d Baustell jetz verkaufe,<br>\nGuet baslerisch, mit r\u00e4chtem Gwinn.<\/p>\n\n\n\n<p>Scho glyy het me en Aazaig formuliert<br>\nUnd w\u00e4ltwyt in der Zytig publiziert:<\/p>\n\n\n\n<p>D Elsbeetekirche, butzt und dekoriert,<br> W\u00e4rd an solv\u00e4nti Bieter offeriert.<br> D\u00e4m, wo der Zueschlaag haig, w\u00e4rd gratuliert,<br> E schyggi Gala syg organisiert,<br> Grad no em Unterschryybe w\u00e4rd kassiert.<br> Scho d Wuche druff w\u00e4rd d Kirche demontiert,<br> E jeede Arbetsschritt protokolliert,<br> Fachm\u00e4nnisch alti Sch\u00e4de repariert.<br> Der hinderscht Stai w\u00e4rd digitalisiert,<br> Fotografiert und duurenummeriert,<br> In Schachtle yypaggt, suuber palettiert,<br> Gschwind zollfrey uff em Dreyspitz deponiert,<br> Und w\u00e4ltwyt bis an d Diire transportiert.<br> E Biechli g\u00e4b s derzue, ryych illustriert,<br> Wo Schritt fir Schritt der Neybau instruiert.<br> Fir Frooge sig e Hotline installiert.<br> W\u00e4r Inter\u00e4sse haig, soll sofort reagiere,<br> S Proj\u00e4ggt mit Bilder und mit Bl\u00e4\u00e4n dokumentiere,<br> In kurze Wort, das wo me mache well, beschryybe.<br> Haig me der Stutz nid uff de Hyffe, liess me s blyybe!<\/p>\n\n\n\n<p>D Annonce het e riisegrosse Aaglang gfunde;<br> S erscht Aagebot landet im Roothuus innert Stunde.<\/p>\n\n\n\n<p><br> Us Argentinie kunnt e Mail vom Don Ram\u00f3n<br> \u201eIo quiero realmente la reconstrucci\u00f3n!<br> Zmitts in der Pampa soll die Kirche uffgstellt w\u00e4rde<br> Als Stall vo Bethlehem bi myne Rinderh\u00e4rde<br> Illuminiert und aagmoolt, s kunnt nid uff d Million aa.<br> Viva l\u00b4lglesia Sagrada Maradona!\u201c<\/p>\n\n\n\n<p><br> Der Emir Selim Ali Baba suecht e Woonig.<br> Gnue Blatz fir sini Fraue gfunde het er noonig.<br> Er losst d Elsbeete provisorisch reserviere,<br> Denn h\u00e4tt er weenigschtens e Garasch zem parkiere.<\/p>\n\n\n\n<p><br> E Brauereyebsitzer, bayrisch, patriotisch<br> D\u00e4 suecht scho lang e Kathedrale, ganz in Gotisch.<br> Zem d Margge Sankt Elisabethenbr\u00e4u lanciere,<br> Wott \u00e4r am Kirchduurm s Firmelogo installiere.<\/p>\n\n\n\n<p><br> E Pizzaiolo bringt e Briefli us Camini<br> Er isch an aim Stigg gfaare mit em Lamborghini<br> \u201eMir w\u00e4nn d\u00e4 Staibruch per lavare la moneta,<br> Tanti saluti, la Famiglia `Ndrangheta.<br> Mer zaale, ooni Quittig, quindici millioni,<br> Die eerschte fimf uff d Hand, der R\u00e4scht in panettoni\u201c.<\/p>\n\n\n\n<p><br> Me kennt no dausig Byspil bringe<br> Vo Banggier, Firschte &#8211; Frau und Maa &#8211;<br> Vo Popstars, wo nimm meege singe<br> Vo Witwe, Glanz und Gloria<br> Im Grund gnoo sin si alli glyych:<br> Ytel, beschr\u00e4nggtt, saum\u00e4ssig ryych.<\/p>\n\n\n\n<p><br> Si sin mit Aaw\u00e4lt und Berooter,<br> Mit Boys und scheene Fraue ko<br> Und guet bewacht vo s\u00e4chzig Schroter<br> Gseet me si in d Elsbeete go.<br> Au promin\u00e4nti Basler Gstalte<br> Sin doo, gwiss hundert oder mee,<br> Der Kircheroot, mit Kummerfalte,<br> D Regierig kunnt in corpore.<br> Zeerscht redt der Groosrootsbresid\u00e4nt,<br> Denn orgelet e Bach-Choral,<br> Der Pfarrer isch im Elem\u00e4nt,<br> Em Publikum isch das egal.<br> S isch numme wichtig, w\u00e4r wird biete,<br> Wenn s aafoot mit der groosse Gant.<br> W\u00e4r blybt derbyy, w\u00e4r isch e Niete?<br> Der Glotz isch s ainzig interessant.<br> \u00c4ndlig kunnt d Attraktion vom Oobe<br> Es git e hailloos Duurenand.<br> Die ainte schreye, biete, tobe,<br> Die andre lipfe numme d Hand.<br> No kurzer Zyt isch alles umme<br> Uff s Mool g\u00e4n alli Bieter Rue,<br> Denn botte isch e Riisesumme,<br> Wo alli wisse: \u201eJetz isch gnue!\u201c<\/p>\n\n\n\n<p><br> Do rieft der Gantbeamti stolz:<br> \u201eZem Eerschte\u201c, loot der Hammer falle,<br> \u201eZem Zwaite\u201c schreyt er, haut uff s Holz,<br> Me heert der Schall im Saal verhalle.<br> Zem dritte Mool, hebt er der Hammer,<br> Jetz bietet sicher niemer mee.<br> Die Eerschte paggt der Katzejammer:<br> Grad isch es um d Elsbeete gschee!<\/p>\n\n\n\n<p><br> Uff ai Schlaag isch der Ruum verdungglet,<br> S wird dootestill und yysig kalt,<br> Numme en ainzig Kerzli fungglet,<br> Es lyychtet uff e blaichi Gstalt.<br> Kalkwyss im Gsicht, in Lyynef\u00e4tze<br> Stoot si im Chor vom Kircheruum<br> Mit l\u00e4\u00e4rem Bligg foot si aa schw\u00e4tze,<br> Und lyyser Stimm, me heert sy kuum:<\/p>\n\n\n\n<p><br> \u201eMy Maa und ych h\u00e4n in der Gruft<br> Dief under d\u00e4re Kirche unde,<br> Wo s dischter isch und stiggig d Luft,<br> Vor luter Eerger d Rue nimm gfunde.<br> Der Ungaischt vo der Zyt regiert;<br> D Kultur isch uff der Streggi bliibe.<br> Der Christoph h\u00e4tt scho resigniert,<br> Mi het my Wuet do uffe driibe.<br> H\u00e4nd iir denn us der Gschicht nyt gleert<br> Iir glaikarierte Rappespalter?<br> Die scheeni Stadt isch glyy zersteert<br> Vo myyserable Sachverwalter.<br> Sin iir au arm wie Kirchemyys,<br> Isch eyre Gyz am \u00c4nd fir d Katz,<br> Iir gsch\u00e4ftet uff die glyychi Wyys<br> Wie syynerzyt bim Minschterschatz.<br> D Stadt Basel bringet iir in Gfoor,<br> Wenn iir si w\u00e4nnd verquante.<br> W\u00e4nn er vilicht no s Spaledoor<br> Oder der Rhy vergante?<br> Versch\u00e4rbelet doch s Wildt\u2019sche Huus<br> Und zleschem\u00e4nd no s Minschter \u2026.\u201c<br> Do bloost e Windstoss s Kerzli uus,<br> Im Kircheschiff isch s finschter.<\/p>\n\n\n\n<p><br> Wo s Liecht aagoot, isch d Kirche l\u00e4\u00e4r,<br> In h\u00e4ller Panik isch me gflichtet<br> Und wenn d\u00e4 Zeedel doo nit w\u00e4r,<br> H\u00e4tt niemer vo d\u00e4m Vorfall brichtet.<br> Mit w\u00e4nn jo d Wooret nid verstegge,<br> Hasta la vista, d Birewegge!<\/p>\n\n\n\n<p><br> Z letscht kunnt e B-Boscht Brief us H\u00e4felfinge:<br> \u201eDir ch\u00f6nnet eue Bausatz g\u00e4rn do uufe bringe.<br> E Chilche feelt eus no, die k\u00f6nnt eus intressiere,<br> Voruusgsetzt s ganz Proj\u00e4kt w\u00fc\u00fcrd Basel finanziere.\u201c<\/p>\n","protected":false},"excerpt":{"rendered":"<p>D Elsbeete \u2013 zem Eerschte, zem Zwaite, zem Dritte Der Christoph Meeriaa sait zue der Margarete: \u201eI mach mer schw\u00e4\u00e4ri&hellip;<\/p>\n","protected":false},"author":1,"featured_media":0,"parent":0,"menu_order":1,"comment_status":"closed","ping_status":"closed","template":"","meta":{"footnotes":""},"class_list":["post-2","page","type-page","status-publish","hentry"],"jetpack_sharing_enabled":true,"_links":{"self":[{"href":"https:\/\/birewegge.com\/index.php?rest_route=\/wp\/v2\/pages\/2","targetHints":{"allow":["GET"]}}],"collection":[{"href":"https:\/\/birewegge.com\/index.php?rest_route=\/wp\/v2\/pages"}],"about":[{"href":"https:\/\/birewegge.com\/index.php?rest_route=\/wp\/v2\/types\/page"}],"author":[{"embeddable":true,"href":"https:\/\/birewegge.com\/index.php?rest_route=\/wp\/v2\/users\/1"}],"replies":[{"embeddable":true,"href":"https:\/\/birewegge.com\/index.php?rest_route=%2Fwp%2Fv2%2Fcomments&post=2"}],"version-history":[{"count":9,"href":"https:\/\/birewegge.com\/index.php?rest_route=\/wp\/v2\/pages\/2\/revisions"}],"predecessor-version":[{"id":530,"href":"https:\/\/birewegge.com\/index.php?rest_route=\/wp\/v2\/pages\/2\/revisions\/530"}],"wp:attachment":[{"href":"https:\/\/birewegge.com\/index.php?rest_route=%2Fwp%2Fv2%2Fmedia&parent=2"}],"curies":[{"name":"wp","href":"https:\/\/api.w.org\/{rel}","templated":true}]}}